f) = -2*f**3 + 60*f**2 + 625*f - 61. What is the thousands digit of z(-13)?
6
Let k = -15199 - -22922. What is the tens digit of k?
2
Suppose -2 = 2*f + 2. Let g be 124/(-20) + (-1)/(-5). What is the tens digit of 6 + (-10 - g) + (-84)/f?
4
Suppose 2*r - 1714 = -t, -687 - 3598 = -5*r + t. What is the hundreds digit of r?
8
Let n(g) = 33 + g**2 + 6*g + 10*g**2 + 9*g**2 - 2. What is the hundreds digit of n(5)?
5
Suppose -48 = -0*n - 12*n. Let k be (-1 - 2) + 513 + n. Let y = -363 + k. What is the tens digit of y?
5
Let v = -9517 - -29389. What is the units digit of v?
2
Let u(b) = b**2 + 15*b + 54. Let y be u(-12). Suppose y*o = 1299 + 3489. What is the units digit of o?
6
Suppose -2*z = -7*z + x + 1742, z = 2*x + 352. Suppose -2707 = -7*d - z. What is the hundreds digit of d?
3
Let j = 59037 - 24618. What is the tens digit of j?
1
Suppose 0 = -85*z + 83*z - 5*r + 64771, 0 = -4*r - 20. What is the thousands digit of z?
2
Let s(z) = z**3 - z**2 - 4*z - 3. Let n be s(-2). Let o = n - -21. Suppose -o = -i + 17. What is the units digit of i?
1
Let u = -40 - -43. Suppose -u*v + 566 = -5*f, -v + 174 = -f + 3*f. Suppose -12 = 2*t - v. What is the units digit of t?
5
Let b(y) = 8*y**2 + 5*y + 7. Let m(r) = 6*r - 10. Let h be m(-4). Let w = 32 + h. What is the units digit of b(w)?
9
Suppose -3*a + 11 = -2*t + 3*t, -3*t = 4*a - 23. Suppose 0 = 3*h - r + 494, 5*h + r + a*r + 814 = 0. Let p = h + 281. What is the units digit of p?
7
Let v(o) = -o**3 + 5*o**2 + 9*o - 3. Let u be v(6). Let m be ((-70)/u + -1)*-6. Let q = 66 + m. What is the units digit of q?
0
Let a be ((-2)/5)/((-2)/14395) - 4. Suppose -4*r + 0*i = -3*i - 2277, 5*r = -2*i + a. What is the units digit of r?
3
Suppose -4*k - 3*c = -1467, 4*k = -5*c + 261 + 1216. Suppose 0 = -2*u - 5*x + k, -2*x - 922 = -0*u - 5*u. What is the hundreds digit of u?
1
Suppose -3*d - 27 + 7 = 5*w, -5*d - 80 = -w. What is the hundreds digit of 20/d*(0 - 1506/8)?
2
Let l = 77084 + -460. What is the tens digit of l?
2
What is the tens digit of (-1 + -3)*(-1470 + 4)/(-7 - -9)?
3
What is the thousands digit of ((-860)/15)/((-25)/3675)?
8
What is the tens digit of (85995/546)/((-3)/(-4))*(-353)/(-2)?
6
Let d be (-2)/5 + (-404)/(-10). Let x(j) = -22*j + 203. Let t be x(9). Suppose l + 3*a - d = 0, a + 0 - t = 0. What is the tens digit of l?
2
Let k(h) = 2518*h - 9553. What is the units digit of k(29)?
9
Let t(f) = f**2 - 15*f - 10. Let l be t(18). Suppose -47*r + l*r + 2687 = -2*o, 0 = 2*r - 4*o - 1778. What is the tens digit of r?
9
Let s(z) = 714*z**2 + 13*z - 258. What is the hundreds digit of s(6)?
5
Let o be (1 - 4) + (-7 - -12). Suppose 3*t + 0*x - 368 = o*x, 0 = 5*t - 5*x - 605. Let b = t + -26. What is the hundreds digit of b?
1
Suppose 57*o - 119610 = 95*o - 931176. What is the units digit of o?
7
Let x = 23417 + -12693. What is the hundreds digit of x?
7
Let s(u) = 3*u**2 + 23*u - 291. What is the units digit of s(-24)?
5
Suppose 5*o + 2 = -23. Let x(n) = -n**3 - 5*n**2 + 2*n + 13. Let m be x(o). Suppose -3*i + 197 = -m*z + z, 5*z = -3*i + 232. What is the units digit of i?
9
What is the tens digit of (15981/30*2 + 7)/((-2)/(-10))?
6
Suppose -3*t + 6413 = -4*g, -13*g + 5 = -8*g. Suppose -19*q + 16*q = -t. What is the tens digit of q?
1
Let s = 648 - 637. What is the units digit of ((-157047)/(-15))/s - 1/(-5)?
2
Let i(x) = -x**2 - 54*x - 618. What is the tens digit of i(-24)?
0
Let m(a) = -a**3 - a**2 + 10*a - 6. Let o be m(-4). Suppose 1997 = 3*k + o*r, 0 = -3*k + 2*r + 1726 + 267. What is the tens digit of k?
6
Let x(y) = -11813*y + 611. What is the hundreds digit of x(-2)?
2
Let t(m) = -2480*m + 145. Let a be t(-3). Suppose -25*u + a = 12*u. What is the units digit of u?
5
Let t be 4/(18/(-15) - -2). Suppose t*c = -15, -5*u + 47 = -u - 5*c. Let h(d) = 2*d**2 - 7*d + 11. What is the units digit of h(u)?
3
Suppose -5*x = 4*o - 14251, 0 = -11*o + 7*o - 3*x + 14237. What is the tens digit of o?
5
Suppose 4*a = 3*a + 21. Let x = a - 9. Suppose -8*t + x*t = 172. What is the units digit of t?
3
Let c = 107918 - 47166. What is the units digit of c?
2
Let l = -123 - -111. What is the units digit of -4 - (-87)/l*(2 - 30)?
9
Let k(x) = 20*x**2 - 51*x - 850. What is the tens digit of k(-21)?
4
Let w = -50933 - -74704. What is the hundreds digit of w?
7
Let l(v) = -10*v**3 - v**2 - 23*v + 16. Let n be l(-6). Let d = -1197 + n. What is the tens digit of d?
8
Let w(r) = 2*r**2 - 21*r + 38. Let m be w(2). Suppose -3*q - m*j + 2*j = -598, -2 = -j. What is the hundreds digit of q?
1
Suppose 4*y - 40920 = -o, -2*y - 25335 = -o + 15543. What is the ten thousands digit of o?
4
Let d(s) = 579*s + 5 - 1163*s + 567*s - s**2 - 15. Let v = -32 - -17. What is the units digit of d(v)?
0
Let h be (-1 - 0)/(2 + 10/(-4)). Suppose 4*r = -h*j + 1432, -2*j - 1428 = -4*r - 3*j. Let n = -109 + r. What is the hundreds digit of n?
2
What is the units digit of ((-30)/(-8))/((-4)/(-3)*612/12245440)?
5
Let o = 7 + -10. Let b be 12 + o/1 - 3. Suppose -7*n + 46 = -b*n. What is the units digit of n?
6
Suppose 2*k = y + 267 + 105, 0 = -4*y + 2*k - 1464. Let b = 1010 + y. What is the units digit of b?
6
Suppose 0 = -2*n + 3*n - 100. Let o be -1*6*n/30. What is the tens digit of (o/(-40))/(1/80)?
4
Let y(i) = -12712*i + 32. What is the hundreds digit of y(-1)?
7
Let t(q) = 4*q**2 + 9*q + 12. Suppose -p - 23 = -17. Let d be t(p). What is the tens digit of 32/(-8) + (d - -1)?
9
What is the ten thousands digit of (0 - 119673)*(-1 + (-28)/(-42))/1?
3
Let u = 180 + -180. Suppose -3*f + 0*h = 3*h - 702, -f + h + 226 = u. What is the units digit of f?
0
Suppose -5*k = -5*m + 119645, 77*m - 80*m + 71784 = -4*k. What is the units digit of m?
2
Let u(i) = -10*i - 13. Suppose -2*o = 3*o - 140. Suppose 0 = 3*f + 2*p + 2*p + 19, -5*f - o = 3*p. What is the tens digit of u(f)?
3
Suppose -19*g + 22*g - 20400 = 0. Suppose -16*y - 4*y = -g. What is the units digit of y?
0
What is the tens digit of 268/3*(22 + -10)?
7
Let r(s) = -2*s**3 + 11*s**2 + 5*s + 8. Let z be r(6). Suppose z*g - 200 - 74 = 0. What is the tens digit of g?
3
Let q = -109 + 101. Let g(j) = 10*j**2 + 11*j - 7. What is the units digit of g(q)?
5
Let h(q) be the first derivative of -q**3/3 - 3*q**2 + 8*q + 1. Suppose -24 = 5*x - 4. What is the units digit of h(x)?
6
Let j(c) = c**3 - 19*c**2 + 12. Suppose 0*l = -4*l + 76. Let u be j(l). Suppose u*a = 15*a - 138. What is the tens digit of a?
4
Let w be (18*1/3)/2. Suppose -9*i + 5*i + 3679 = -w*m, 4*i + m = 3659. What is the hundreds digit of i?
9
Let d = -53 + 63. Suppose -d*r = -5*y - 15*r - 165, -5*y - 165 = r. What is the units digit of (-2)/((-255)/1100 + (-6)/y)?
0
Suppose -x = 10*d - 71850, -10*d - 2*x + 28740 = -6*d. What is the hundreds digit of d?
1
Let r(h) = -3*h + 35. Let v be r(9). Suppose -v*g - 13 = -141. Suppose 0 = 4*t - 96 - g. What is the tens digit of t?
2
Let k be (2 + (26 - 2))/(-1). Suppose 0 = -4*b - 10 + 6, -4*x = -2*b - 342. Let l = x + k. What is the tens digit of l?
5
Let y = -1762 + 4075. What is the units digit of y?
3
Let v(k) = -k**3 - 3*k**2 - 3*k - 5. Let d(z) = 6*z + 10. Let h be d(-2). Let n be v(h). What is the tens digit of ((-108)/(-16) + n)/(1/12)?
4
Suppose -2*i = -5*i + 9. Suppose -2*c = i*c. Suppose c = -5*t + 62 + 8. What is the tens digit of t?
1
Suppose 1812 = 7*p - p. Suppose 1 = 2*n - 3, 5*n = -2*y + p. Let h = y + -45. What is the tens digit of h?
0
Suppose 46*r = 47*r + 22. What is the hundreds digit of r/4 + 6 - 1510/(-4)?
3
Suppose -3*g + 40365 = -2*x, -4*g + 3*x + 73736 = 19914. What is the ten thousands digit of g?
1
Suppose 7*c - 39 - 661 = 0. Suppose c*b - 98*b - 1156 = 0. What is the tens digit of b?
7
Let o = 7822 - 2054. What is the hundreds digit of o?
7
Let u(d) = 3763*d**2 + 144*d - 411. What is the units digit of u(3)?
8
Suppose -5*r = 4*u - 1265 + 164, -2*r + 445 = -3*u. Let a = r + 943. What is the hundreds digit of a?
1
Suppose 44808 = -170*p + 176*p. What is the tens digit of p?
6
Let r = -511 - -507. Let h = -322 - -227. What is the units digit of (-1)/((9 + r)/h)?
9
Let z = 11654 + 71. What is the ten thousands digit of z?
1
Suppose 3*b + h - 64 = 0, 5*b - 2*h = 3*b + 40. Suppose 19*d = b*d - 2. What is the tens digit of ((-12)/(-30))/(d/5)*30?
6
Let v(n) = n**3 + 14*n**2 - 26*n - 